{"id":1400,"date":"2013-12-19T11:48:18","date_gmt":"2013-12-19T10:48:18","guid":{"rendered":"http:\/\/themes.goodlayers2.com\/flawless\/?page_id=1400"},"modified":"2022-01-02T21:31:43","modified_gmt":"2022-01-02T20:31:43","slug":"tarifs","status":"publish","type":"page","link":"https:\/\/www.moulindelapassere.com\/index.php\/tarifs\/","title":{"rendered":"Tarifs"},"content":{"rendered":"<div class=\"clear\"><\/div><div class=\"gdlr-space\" style=\"margin-top: 20px;\"><\/div>\n<div class=\"gdlr-shortcode-wrapper\"><div class=\"gdlr-item gdlr-price-table-item\" ><div class=\"gdlr-price-item four columns\"><div class=\"gdlr-price-inner-item \"><div class=\"price-title-wrapper\"><h4 class=\"price-title\">G\u00eete**<\/h4><div class=\"price-tag\">Rose<\/div><\/div><div class=\"price-content\"><ul>\n<li>Haute Saison: <strong><span style=\"color: #ff0000;\">500<\/span><\/strong><span style=\"color: #ff0000;\"><strong>\u20ac<\/strong><\/span> \/semaine<\/li>\n<li>Moyenne Saison: <span style=\"color: #339966;\"><strong>450\u20ac<\/strong> <\/span>\/semaine<\/li>\n<li>Basse Saison: <span style=\"color: #0000ff;\"><strong>370\u20ac<\/strong><\/span> \/semaine<br \/>\nou <span style=\"color: #0000ff;\"><strong>7<\/strong><\/span><span style=\"color: #3366ff;\"><strong>0\u20ac<\/strong><\/span>\u00a0\/nuit*<\/li>\n<li>Option fourniture de linge de toilette : <strong>3\u20ac<\/strong> \/ pers pour le s\u00e9jour<\/li>\n<li>Inclus dans le prix:<br \/>\n* la taxe de s\u00e9jour par personne<br \/>\n* \u00e9lectricit\u00e9 et eau<br \/>\n* le linge de lit (\u00e9quip\u00e9 de couette)<\/li>\n<\/ul>\n<\/div><div class=\"price-button\"><a class=\"gdlr-button without-border\" href=\"http:\/\/www.moulindelapassere.com\/index.php\/room\/gite-rose\/\">En savoir plus<\/a><\/div><\/div><\/div><div class=\"gdlr-price-item four columns\"><div class=\"gdlr-price-inner-item \"><div class=\"price-title-wrapper\"><h4 class=\"price-title\">G\u00eete**<\/h4><div class=\"price-tag\">Bleu<\/div><\/div><div class=\"price-content\"><ul>\n<li>Haute Saison: <span style=\"color: #ff0000;\"><strong>450\u20ac<\/strong><\/span> \/semaine<\/li>\n<li>Moyenne Saison: <span style=\"color: #339966;\"><strong>400\u20ac<\/strong> <\/span>\/semaine<\/li>\n<li>Basse Saison: <span style=\"color: #3366ff;\"><strong>350\u20ac<\/strong><\/span> \/semaine<br \/>\nou <strong><span style=\"color: #0000ff;\">70<\/span><\/strong><span style=\"color: #3366ff;\"><strong>\u20ac<\/strong><\/span>\u00a0\/nuit*<\/li>\n<li>Option fourniture de linge de toilette : <strong>3\u20ac<\/strong> \/ pers pour le s\u00e9jour<\/li>\n<li>Inclus dans le prix:<br \/>\n* la taxe de s\u00e9jour par personne<br \/>\n* \u00e9lectricit\u00e9 et eau<br \/>\n* le linge de lit (\u00e9quip\u00e9 de couette)<\/li>\n<\/ul>\n<\/div><div class=\"price-button\"><a class=\"gdlr-button without-border\" href=\"http:\/\/www.moulindelapassere.com\/index.php\/room\/gite-bleu\/\">En savoir plus<\/a><\/div><\/div><\/div><div class=\"gdlr-price-item four columns\"><div class=\"gdlr-price-inner-item \"><div class=\"price-title-wrapper\"><h4 class=\"price-title\">Chambre d'h\u00f4tes<\/h4><div class=\"price-tag\">2 nuits min.<\/div><\/div><div class=\"price-content\"><ul>\n<li>1 pers: <strong>70\u20ac<\/strong><\/li>\n<li>2 pers: <strong>8<\/strong><strong>0\u20ac<\/strong><\/li>\n<li>3 pers: <strong>9<\/strong><strong>5\u20ac<\/strong><\/li>\n<li>4 pers: <strong>110<\/strong><strong>\u20ac<\/strong><\/li>\n<li>Suppl\u00e9ment Petit d\u00e9jeuner \u00ab\u00a0Gourmand\u00a0\u00bb + 4\u20ac\/jour et par personne<\/li>\n<li>Inclus dans le prix:<br \/>\n* le petit d\u00e9jeuner \u00ab\u00a0classique\u00a0\u00bb***<br \/>\n* le linge de toilette<br \/>\n* la taxe de s\u00e9jour<\/li>\n<\/ul>\n<\/div><div class=\"price-button\"><a class=\"gdlr-button without-border\" href=\"http:\/\/www.moulindelapassere.com\/index.php\/room\/chambre-dhote\/\">En savoir plus<\/a><\/div><\/div><\/div><div class=\"clear\"><\/div><\/div><\/div>\n<div class=\"page\" title=\"Page 1\">\n<div class=\"layoutArea\">\n<div class=\"column\">\n<p><em>* ==&gt; Prix \u00e0 la nuit\u00e9e en basse saison uniquement avec un minimum de 3 nuit\u00e9es.<br \/>\n**==&gt;\u00a0Le m\u00e9nage est \u00e0 effectuer par vos soins en fin de s\u00e9jour OU option possible avec un suppl\u00e9ment de 40\u20ac par s\u00e9jour pour le service m\u00e9nage.<\/em><br \/>\n***==&gt; <em>Petit\u00a0<\/em><i>d\u00e9jeuner classique:\u00a0boissons chaudes, jus de fruit, un croissant, pain frais, confitures, p\u00e2te \u00e0 tartiner.<\/i><\/p>\n<p><span style=\"color: #ff0000;\"><strong>HAUTE SAISON<\/strong> <\/span>du 15 Juin au 15 septembre<br \/>\n<span style=\"color: #339966;\"><strong>MOYENNE SAISON<\/strong><\/span> Du 1er Avril au 15 Juin &amp; du 15 Septembre au 1er Novembre<br \/>\n<span style=\"color: #3366ff;\"><strong>BASSE SAISON<\/strong><\/span> Du 1er Novembre au 30 Mars<\/p>\n<div class=\"gdlr-shortcode-wrapper\"><div class=\"clear\"><\/div><div class=\"gdlr-item gdlr-divider-item\"  ><div class=\"gdlr-divider thick\" ><\/div><\/div><\/div>\n<div class=\"page\" title=\"Page 1\">\n<div class=\"layoutArea\">\n<div class=\"column\">\n<p>Un acompte de 25% est demand\u00e9 lors de la r\u00e9servation sur le prix total des prestations. R\u00e8glement en Ch\u00e8que ou en Esp\u00e8ces (euros).<\/p>\n<\/div>\n<\/div>\n<\/div>\n<\/div>\n<\/div>\n<\/div>\n","protected":false},"excerpt":{"rendered":"<p>* ==&gt; Prix \u00e0 la nuit\u00e9e en basse saison uniquement avec un minimum de 3 nuit\u00e9es. **==&gt;\u00a0Le m\u00e9nage est \u00e0 effectuer par vos soins en fin de s\u00e9jour OU option possible avec un suppl\u00e9ment de 40\u20ac par s\u00e9jour pour le service m\u00e9nage. ***==&gt; Petit\u00a0d\u00e9jeuner classique:\u00a0boissons chaudes, jus de fruit, un croissant, pain frais, confitures, p\u00e2te&#8230; <\/p>\n<div class=\"clear\"><\/div>\n<p><a href=\"https:\/\/www.moulindelapassere.com\/index.php\/tarifs\/\" class=\"excerpt-read-more\">Lire plus<i class=\"fa fa-long-arrow-right icon-long-arrow-right\"><\/i><\/a><\/p>\n","protected":false},"author":1,"featured_media":0,"parent":0,"menu_order":0,"comment_status":"closed","ping_status":"closed","template":"","meta":[],"_links":{"self":[{"href":"https:\/\/www.moulindelapassere.com\/index.php\/wp-json\/wp\/v2\/pages\/1400"}],"collection":[{"href":"https:\/\/www.moulindelapassere.com\/index.php\/wp-json\/wp\/v2\/pages"}],"about":[{"href":"https:\/\/www.moulindelapassere.com\/index.php\/wp-json\/wp\/v2\/types\/page"}],"author":[{"embeddable":true,"href":"https:\/\/www.moulindelapassere.com\/index.php\/wp-json\/wp\/v2\/users\/1"}],"replies":[{"embeddable":true,"href":"https:\/\/www.moulindelapassere.com\/index.php\/wp-json\/wp\/v2\/comments?post=1400"}],"version-history":[{"count":9,"href":"https:\/\/www.moulindelapassere.com\/index.php\/wp-json\/wp\/v2\/pages\/1400\/revisions"}],"predecessor-version":[{"id":4544,"href":"https:\/\/www.moulindelapassere.com\/index.php\/wp-json\/wp\/v2\/pages\/1400\/revisions\/4544"}],"wp:attachment":[{"href":"https:\/\/www.moulindelapassere.com\/index.php\/wp-json\/wp\/v2\/media?parent=1400"}],"curies":[{"name":"wp","href":"https:\/\/api.w.org\/{rel}","templated":true}]}}