{"id":1084,"date":"2013-12-08T12:59:15","date_gmt":"2013-12-08T11:59:15","guid":{"rendered":"http:\/\/themes.goodlayers2.com\/flawless\/?page_id=1084"},"modified":"2018-10-11T16:14:17","modified_gmt":"2018-10-11T14:14:17","slug":"conditions-de-vente","status":"publish","type":"page","link":"https:\/\/www.moulindelapassere.com\/index.php\/conditions-de-vente\/","title":{"rendered":"Condition de vente et annulation"},"content":{"rendered":"<div class=\"page\" title=\"Page 1\">\n<div class=\"layoutArea\">\n<div class=\"column\">\n<ul>\n<li>Un acompte de 25% est demand\u00e9 lors de la r\u00e9servation sur le prix total des prestations.<\/li>\n<li>Le solde du s\u00e9jour est \u00e0 r\u00e9gler \u00e0 l\u2019arriv\u00e9e.<\/li>\n<li>R\u00e8glement en Ch\u00e8que ou en Esp\u00e8ces (euros)<\/li>\n<li>Annulation le jour de r\u00e9servation \u00e0 J-7 -&gt; sans frais<\/li>\n<li>Annulation J-6 au jour J -&gt; 25% de frais d\u2019annulation (soit l\u2019acompte)<\/li>\n<\/ul>\n<\/div>\n<\/div>\n<\/div>\n","protected":false},"excerpt":{"rendered":"<p>Un acompte de 25% est demand\u00e9 lors de la r\u00e9servation sur le prix total des prestations. Le solde du s\u00e9jour est \u00e0 r\u00e9gler \u00e0 l\u2019arriv\u00e9e. R\u00e8glement en Ch\u00e8que ou en Esp\u00e8ces (euros) Annulation le jour de r\u00e9servation \u00e0 J-7 -&gt; sans frais Annulation J-6 au jour J -&gt; 25% de frais d\u2019annulation (soit l\u2019acompte)<\/p>\n","protected":false},"author":1,"featured_media":0,"parent":0,"menu_order":0,"comment_status":"closed","ping_status":"closed","template":"","meta":[],"_links":{"self":[{"href":"https:\/\/www.moulindelapassere.com\/index.php\/wp-json\/wp\/v2\/pages\/1084"}],"collection":[{"href":"https:\/\/www.moulindelapassere.com\/index.php\/wp-json\/wp\/v2\/pages"}],"about":[{"href":"https:\/\/www.moulindelapassere.com\/index.php\/wp-json\/wp\/v2\/types\/page"}],"author":[{"embeddable":true,"href":"https:\/\/www.moulindelapassere.com\/index.php\/wp-json\/wp\/v2\/users\/1"}],"replies":[{"embeddable":true,"href":"https:\/\/www.moulindelapassere.com\/index.php\/wp-json\/wp\/v2\/comments?post=1084"}],"version-history":[{"count":6,"href":"https:\/\/www.moulindelapassere.com\/index.php\/wp-json\/wp\/v2\/pages\/1084\/revisions"}],"predecessor-version":[{"id":4323,"href":"https:\/\/www.moulindelapassere.com\/index.php\/wp-json\/wp\/v2\/pages\/1084\/revisions\/4323"}],"wp:attachment":[{"href":"https:\/\/www.moulindelapassere.com\/index.php\/wp-json\/wp\/v2\/media?parent=1084"}],"curies":[{"name":"wp","href":"https:\/\/api.w.org\/{rel}","templated":true}]}}